n divisor of 2299 and m?
209
Let o = -438 - -447. Suppose 3*f = z + 2, 5*z + 10 = f - 0*f. Let d = -1 - z. What is the highest common divisor of d and o?
1
Suppose -3*k - 23*u + 975 = -22*u, 4*k + 2*u - 1300 = 0. What is the highest common factor of 403 and k?
13
Suppose -3767 = -12*g + 589. What is the highest common factor of g and 264?
33
Let z = -16250 + 16457. Calculate the highest common factor of 16 and z.
1
Let f = -8942 - -9386. Calculate the highest common divisor of f and 516.
12
Let n = 2 - 2. Suppose -3*s = s + 2*u - 90, 25 = 5*u. Let c = s - n. Calculate the greatest common factor of c and 60.
20
Let y = 30 + 5. Suppose -2*n = 0, -4*w + 3*n = w + y. Let s = w + 22. Calculate the greatest common factor of s and 15.
15
Suppose 14*q - 540 = -4*q. Let d be 141 - (-5)/(25/q). What is the highest common factor of 63 and d?
21
Suppose -31*c + 43572 = -4137. Calculate the greatest common divisor of c and 162.
81
Let r(v) = 162*v + 8170. Let p be r(-50). What is the greatest common factor of p and 5138?
14
Let s be ((-153)/(-12))/(54/72). Suppose -3*y + 4*p - s = -96, 0 = -2*y + 3*p + 52. Calculate the greatest common factor of 435 and y.
29
Suppose 266 = 5*v - 4*l, 6*l - 184 = -4*v + 2*l. Let r = 28 + -18. Let b be 102/r + 6/(-30). What is the greatest common divisor of b and v?
10
Let x(v) = 21*v - 14 - 41*v + 86 + 21*v. Let t be x(-17). Calculate the highest common divisor of 11 and t.
11
Let o be (7143/12 - 0)/((-5)/(-20)). Suppose -o = -24*g + 2107. What is the greatest common factor of 85 and g?
17
Let t(q) = 149*q**2 + 5*q - 8. Let d be t(2). Let u = d - 473. Calculate the greatest common divisor of 10 and u.
5
Let k = -12262 - -12390. Calculate the greatest common divisor of k and 264.
8
Suppose 121*j - 11760 = 9*j. What is the greatest common divisor of j and 840?
105
Let u = -153 + 151. Let x(k) = -18*k**3 - 9*k**2 - 12*k + 2. Let a be x(u). What is the greatest common factor of 67 and a?
67
Let g = 66 + -30. Let m be 105/(-18) + (-6)/g. Let d be 18/m + (11 - 0). Calculate the highest common factor of d and 24.
8
Let d be 2/7 - ((-534)/42 - -3). What is the highest common factor of 136 and d?
2
Let h be (-60*(5 + (-105)/20))/(9/6). What is the greatest common factor of h and 1755?
5
Let f = -54 - -84. Suppose -2*q - f = -3*q. Let a be ((-22)/(-10) + (-2)/5)/((-4194)/(-34950)). What is the greatest common divisor of a and q?
15
Let v be ((-50)/4)/(-4*(-2)/(-16)). Suppose 18*a = v*a - 49. Calculate the greatest common divisor of a and 13.
1
Let j be (3 - (-801)/(-15))/((84/40)/(-7)). What is the greatest common factor of j and 78?
6
Let g = -88 - -105. Suppose -5*w = -3*t + 97, -w - 2*w = 4*t - 81. Let p = 95 + t. Calculate the highest common factor of p and g.
17
Let i(o) = 3*o**2 + 2*o - 7. Let d be i(6). Let z = 203 - d. Suppose -a + 68 = 2*j + 4, -3*a + 72 = 2*j. What is the greatest common divisor of z and j?
30
Let k = 5736 - 3928. What is the highest common factor of k and 48?
16
Let l be 196/68 + (-8)/(-68). Suppose -w - 538 = -562. Calculate the greatest common divisor of l and w.
3
Let r(y) = -14*y + 42. Let s(m) = m + 3. Let q(w) = r(w) + 3*s(w). Let d be q(4). What is the highest common divisor of 7 and d?
7
Let l(j) = 18*j - 104. Let o be l(8). Suppose 4*u - 2*n - 18 = 0, -4*u + n + 4 = -3*u. Calculate the highest common divisor of o and u.
5
Let m(t) = 42*t - 318. Let d be m(18). Suppose -7*l + d = -444. Calculate the highest common divisor of l and 108.
18
Suppose 3*m - 2*h - 1100 = 0, 503*m = 507*m + h - 1496. What is the highest common factor of 204 and m?
12
Suppose 27221 - 30005 = -96*r. Calculate the highest common factor of 34829 and r.
29
Let o be (-221)/(-4) - (-1)/(-4). Suppose -t - 131 = 2*p + 52, t = 4*p + 357. Let w be (p/120)/((-3)/(-2))*-10. Calculate the highest common factor of w and o.
5
Suppose 26 = 2*x + y, -2*x + 0*x + 3*y = -26. Suppose -x*v + 70 = -11*v. What is the highest common factor of 20 and v?
5
Suppose -7*i + 189 + 123 = 5*i. What is the highest common factor of 2080 and i?
26
Let i(d) = 3058*d - 110043. Let s be i(36). Suppose 5*a + 70 = 5*m, 2*m - 57 = -2*m + 3*a. Calculate the highest common divisor of s and m.
15
Let k(y) = -177*y - 3635. Let b be k(-21). Let n(x) = x**2 + x + 2. Let p be n(0). What is the greatest common divisor of b and p?
2
Let v(z) = -6*z**2 - 123*z - 166. Let q be v(-19). Let m(f) = -6*f**3 - 2*f**2 - 4*f - 3. Let c be m(-2). Calculate the greatest common factor of q and c.
5
Let f(x) = -x**2 - 26*x - 65. Let l be f(-23). Suppose -l*m + 204 = -5*j - 236, 3*j + 12 = 0. Calculate the greatest common divisor of 42 and m.
21
Let g(b) = 503*b**2 - b + 2. Suppose -t - 60 + 58 = 0. Let c be g(t). Suppose 9*j - c = -7*j. What is the highest common factor of j and 42?
42
Suppose 0 = 10*r - 416 - 24. Suppose -5*s - 30 = -l, 4*l + 5*s = -24 + r. Calculate the highest common factor of l and 320.
10
Let j(x) = -x**3 - 19*x**2 + 20*x. Let z be j(-20). Suppose 157*p - 155*p - 42 = z. Calculate the highest common factor of 1344 and p.
21
Let p = 11934 - 10738. What is the highest common divisor of p and 368?
92
Let i(a) = -67*a. Let x be i(-1). Suppose -43*c + 181*c + 28 = -111*c + 277. Calculate the greatest common factor of x and c.
1
Let b = 1133 + -1088. Let g(r) = 2*r + 19. Let s be g(13). Calculate the highest common divisor of b and s.
45
Suppose 178500 = 30*k + 75*k. Calculate the greatest common factor of k and 34.
34
Let p(k) = -k**3 - 107*k**2 + 106*k - 45. Let r be p(-108). Calculate the highest common factor of 2413 and r.
19
Suppose -2*b - 652 = -2*d, -44*b = -3*d - 47*b + 1014. Calculate the greatest common divisor of d and 249.
83
Suppose -17*b - 21*b + 108852 = -12064. What is the highest common divisor of 370 and b?
74
Let l(d) be the second derivative of -2*d**3/3 - 39*d**2/2 + 4*d - 3. Let j be l(-10). What is the highest common divisor of j and 37?
1
Suppose i = -2*z + 316, 16 = 3*i - 7*i. Suppose z - 172 = -3*u. What is the greatest common divisor of u and 116?
4
Suppose -259 = -4*c + s + 52, c + 5*s - 62 = 0. Let n = 281 + -160. What is the greatest common factor of n and c?
11
Suppose 4*q - 2995 = n, -140*q + 138*q + n = -1499. Calculate the greatest common divisor of 396 and q.
44
Suppose -13 + 23 = 2*n, t - 3*n + 10 = 0. Suppose -5*u + 1159 = 4*h, -t*h + 4*u - 659 = -2159. Calculate the highest common factor of h and 8.
8
Suppose 5*b = 4*u - u - 1502, 3*u - b - 1498 = 0. Let c = -322 + u. What is the greatest common divisor of 236 and c?
59
Suppose -64*q + 8805 = -50075. Calculate the highest common divisor of 340 and q.
20
Suppose -3*k - 4 = -13. Suppose -2*n = k*n - 160. Suppose -137*h + 161*h = 384. What is the greatest common factor of h and n?
16
Let v(b) = b**3 + 12*b**2 + 18*b + 3. Suppose 4*q = -2*n - 46, 5*n = 9*n + 12. Let y be v(q). Calculate the highest common divisor of 230 and y.
23
Let v be (0 - (0 - -3)) + -3. Let m(g) = -2*g + 2. Let w be m(v). Suppose z = 2*q - 3*q + 55, 4*q + 3*z = 221. What is the greatest common divisor of w and q?
14
Suppose 2*i = -38 + 34, 282 = 4*w + 3*i. Calculate the highest common divisor of w and 3048.
24
Suppose 6*q + 5*i - 10823 = 2*q, -3*i = 15. Suppose -q = -9*j - 129. Calculate the highest common divisor of 41 and j.
41
Suppose 2*y - 29*m - 382 = -27*m, 4*y = 5*m + 766. Calculate the greatest common factor of 77 and y.
7
Let f = 77 - 68. Suppose l + s + 14 = 11, f = 4*l - 3*s. Suppose p - 4*t - 94 = -6, -p + 5*t + 90 = l. What is the highest common divisor of p and 48?
16
Let t be (37 - 5)*(-24)/(-96). What is the highest common divisor of 674 and t?
2
Suppose 3*u + 20*u = -33*u + 11256. What is the greatest common divisor of 3 and u?
3
Suppose 0 = 12*i - 8*i - 160. Let v = i + -39. What is the highest common divisor of v and 5?
1
Let p be ((-38)/8)/((101/5151)/((-56)/3)). What is the greatest common divisor of 3808 and p?
238
Let l(x) = 4*x**2 + 3*x - 4. Let j be l(3). Let g(i) = 68*i**2 + 1845*i - 7361. Let n be g(4). Calculate the highest common factor of j and n.
41
Suppose 3797*f - 121271 = 296399. Suppose -3*q + 76 = -5*d, -19 = -4*q + 5*d + 79. Let g be q/(-3)*3/(-1). Calculate the highest common divisor of g and f.
22
Suppose -137*x = -78*x - 68*x + 162. Calculate the highest common factor